{"id":419,"date":"2025-10-10T16:13:04","date_gmt":"2025-10-10T14:13:04","guid":{"rendered":"http:\/\/aude-insoumise.fr\/?page_id=419"},"modified":"2026-02-14T16:55:37","modified_gmt":"2026-02-14T15:55:37","slug":"notes-de-lecture-2","status":"publish","type":"page","link":"https:\/\/aude-insoumise.fr\/?page_id=419","title":{"rendered":"Notes de lecture"},"content":{"rendered":"\t\t<div data-elementor-type=\"wp-page\" data-elementor-id=\"419\" class=\"elementor elementor-419\">\n\t\t\t\t<div class=\"elementor-element elementor-element-4892234 e-flex e-con-boxed e-con e-parent\" data-id=\"4892234\" data-element_type=\"container\" data-e-type=\"container\">\n\t\t\t\t\t<div class=\"e-con-inner\">\n\t\t\t\t<div class=\"elementor-element elementor-element-2ce6a4e elementor-widget elementor-widget-image\" data-id=\"2ce6a4e\" data-element_type=\"widget\" data-e-type=\"widget\" data-widget_type=\"image.default\">\n\t\t\t\t\t\t\t\t\t\t\t\t\t\t\t<img fetchpriority=\"high\" decoding=\"async\" width=\"567\" height=\"184\" src=\"https:\/\/aude-insoumise.fr\/wp-content\/uploads\/2026\/02\/Gramsci_Pasolini.jpg\" class=\"attachment-large size-large wp-image-5862\" alt=\"\" srcset=\"https:\/\/aude-insoumise.fr\/wp-content\/uploads\/2026\/02\/Gramsci_Pasolini.jpg 567w, https:\/\/aude-insoumise.fr\/wp-content\/uploads\/2026\/02\/Gramsci_Pasolini-300x97.jpg 300w\" sizes=\"(max-width: 567px) 100vw, 567px\" \/>\t\t\t\t\t\t\t\t\t\t\t\t\t\t\t<\/div>\n\t\t\t\t<div class=\"elementor-element elementor-element-293f067 elementor-widget elementor-widget-text-editor\" data-id=\"293f067\" data-element_type=\"widget\" data-e-type=\"widget\" data-widget_type=\"text-editor.default\">\n\t\t\t\t\t\t\t\t\t<p align=\"JUSTIFY\"><span style=\"font-family: Verdana, sans-serif;\">La bataille culturelle fait rage&#8230;<\/span><\/p><p align=\"JUSTIFY\"><span style=\"font-family: Verdana, sans-serif;\">Les forces conservatrices et r\u00e9actionnaires sont \u00e0 l&rsquo;attaque pour imposer d&rsquo;un c\u00f4t\u00e9 leur agenda n\u00e9o-lib\u00e9ral visant \u00e0 enfermer dans un carcan insupportable les classes populaires et intellectuelles, de l&rsquo;autre c\u00f4t\u00e9 les id\u00e9ologies racistes et autoritaires de l&rsquo;extr\u00eame-droite. Ces deux programmes politiques n&rsquo;\u00e9tant \u00e9videmment pas incompatibles&#8230;<\/span><\/p><p align=\"JUSTIFY\"><span style=\"font-family: Verdana, sans-serif;\">L&rsquo;oligarchie \u00e9conomique et m\u00e9diatique (souvent confondue) m\u00e8ne une offensive impitoyable pour imposer son h\u00e9g\u00e9monie, en ciblant les forces politiques et intellectuelles de la gauche de transformation, seule \u00e0 m\u00eame de contrer leur discours\u00a0; pour cela, ils n&rsquo;ont aucun mal \u00e0 mobiliser des meutes de chiens de garde impressionnantes.<\/span><\/p><p align=\"JUSTIFY\"><span style=\"font-family: Verdana, sans-serif;\">Mais leur puissance de communication ne saurait masquer la grande faiblesse de leurs argumentaires et la pauvret\u00e9 r\u00e9p\u00e9titive de leurs constructions intellectuelles. <\/span><\/p><p align=\"JUSTIFY\"><span style=\"font-family: Verdana, sans-serif;\">Afin de participer modestement \u00e0 cet effort de combat culturel, support indispensable de l&rsquo;action militante, nous vous proposons dans cette rubrique de parcourir quelques ouvrages r\u00e9cents ou plus anciens, supports de d\u00e9bats avec la population et d&rsquo;enrichissement de notre pratique politique.<\/span><\/p>\t\t\t\t\t\t\t\t<\/div>\n\t\t\t\t\t<\/div>\n\t\t\t\t<\/div>\n\t\t<div class=\"elementor-element elementor-element-f827597 e-flex e-con-boxed e-con e-parent\" data-id=\"f827597\" data-element_type=\"container\" data-e-type=\"container\">\n\t\t\t\t\t<div class=\"e-con-inner\">\n\t\t\t\t<div class=\"elementor-element elementor-element-1a7867c title-alignment-center meta-visibility-show title_position_default title_hover_border_default title-default img_hover_animation_default meta_position_default readmore-btn-default-style grid-hover-overlay-type-always tpg-el-box-border-enable tpg-border-bottom-disable elementor-widget elementor-widget-tpg-grid-layout\" data-id=\"1a7867c\" data-element_type=\"widget\" data-e-type=\"widget\" data-widget_type=\"tpg-grid-layout.default\">\n\t\t\t\t<div class=\"elementor-widget-container\">\n\t\t\t\t\t\t\t<div class=\"rt-container-fluid rt-tpg-container tpg-el-main-wrapper clearfix grid-layout1-main \"\n\t\t\t id=\"rt-tpg-container-619808354\"\n\t\t\t data-layout=\"grid-layout1\"\n\t\t\t data-grid-style=\"tpg-full-height\"\n\t\t\t data-sc-id=\"elementor\"\n\t\t\t data-el-settings=''\n\t\t\t data-el-query=''\n\t\t\t data-el-path=''\n\t\t>\n\t\t\t\t\t\t<div class='tpg-header-wrapper '>\n\t\t\t\t\t\t\t<\/div>\n\n\t\t\t<div data-title=\"Loading ...\" class=\"rt-row rt-content-loader grid-layout1 grid-behaviour tpg-full-height grid_layout_wrapper\">\n\t\t\t\t<div class=\"rt-col-md-3 rt-col-sm-6 rt-col-xs-12 default rt-grid-item post-6587 post type-post status-publish format-standard hentry category-lecture entry\"        data-id=\"6587\">\n    <div class=\"rt-holder tpg-post-holder \">\n        <div class=\"rt-detail rt-el-content-wrapper\">\n\t\t\t                <div class=\"rt-img-holder tpg-el-image-wrap has-no-thumbnail\">\n\t\t\t\t\t<a data-id=\"6587\" href=\"https:\/\/aude-insoumise.fr\/?p=6587\" class=\"tpg-post-link\" target=\"_self\"><img class='rt-img-responsive' src='https:\/\/aude-insoumise.fr\/wp-content\/uploads\/2026\/04\/Cancer-Colere.webp' width=\"233\" height=\"339\" alt='Cancer Col\u00e8re'>\t\t\n\t\t<\/a>\n\t\t        <div class=\"overlay grid-hover-content\"><\/div>\n\t\t                <\/div>\n\t\t\t\n\t\t\t<div class=\"entry-title-wrapper\"><h3 class=\"entry-title\"><a data-id=\"6587\" href=\"https:\/\/aude-insoumise.fr\/?p=6587\" class=\"tpg-post-link\" target=\"_self\">Cancer Col\u00e8re<\/a><\/h3><\/div>\n\t\t\t                <div class=\"post-meta-tags rt-el-post-meta\">\n\t\t\t\t\t                <\/div>\n\t\t\t\n\n\t\t\t                <div class=\"tpg-excerpt tpg-el-excerpt\">\n\t\t\t\t\t                        <div class=\"tpg-excerpt-inner\">\n\t\t\t\t\t\t\tCancer Col\u00e8re Fleur Breteau &#8211; 2026 Editions du Seuil Fleur BRETEAU, n\u00e9e...                        <\/div>\n\t\t\t\t\t\t\t\t\t\t                <\/div>\n\t\t\t\n\t\t\t        <div class=\"post-footer\">\n            <div class=\"post-footer\">\n                <div class=\"read-more\">\n\t\t\t\t\t<a data-id=\"6587\" href=\"https:\/\/aude-insoumise.fr\/?p=6587\" class=\"tpg-post-link\" target=\"_self\">Lire la suite<\/a>                <\/div>\n            <\/div>\n        <\/div>\n\t\t        <\/div>\n    <\/div>\n<\/div>\n<div class=\"rt-col-md-3 rt-col-sm-6 rt-col-xs-12 default rt-grid-item post-5938 post type-post status-publish format-standard hentry category-lecture entry\"        data-id=\"5938\">\n    <div class=\"rt-holder tpg-post-holder \">\n        <div class=\"rt-detail rt-el-content-wrapper\">\n\t\t\t                <div class=\"rt-img-holder tpg-el-image-wrap has-no-thumbnail\">\n\t\t\t\t\t<a data-id=\"5938\" href=\"https:\/\/aude-insoumise.fr\/?p=5938\" class=\"tpg-post-link\" target=\"_self\"><img class='rt-img-responsive' src='https:\/\/aude-insoumise.fr\/wp-content\/uploads\/2026\/02\/Albanese-198x300.jpg' width=\"198\" height=\"300\" alt='Quand le monde dort'>\t\t\n\t\t<\/a>\n\t\t        <div class=\"overlay grid-hover-content\"><\/div>\n\t\t                <\/div>\n\t\t\t\n\t\t\t<div class=\"entry-title-wrapper\"><h3 class=\"entry-title\"><a data-id=\"5938\" href=\"https:\/\/aude-insoumise.fr\/?p=5938\" class=\"tpg-post-link\" target=\"_self\">Quand le monde dort<\/a><\/h3><\/div>\n\t\t\t                <div class=\"post-meta-tags rt-el-post-meta\">\n\t\t\t\t\t                <\/div>\n\t\t\t\n\n\t\t\t                <div class=\"tpg-excerpt tpg-el-excerpt\">\n\t\t\t\t\t                        <div class=\"tpg-excerpt-inner\">\n\t\t\t\t\t\t\tQuand le monde dort Francesca Albanese \u2013 2025 Traduit de l&rsquo;italien par...                        <\/div>\n\t\t\t\t\t\t\t\t\t\t                <\/div>\n\t\t\t\n\t\t\t        <div class=\"post-footer\">\n            <div class=\"post-footer\">\n                <div class=\"read-more\">\n\t\t\t\t\t<a data-id=\"5938\" href=\"https:\/\/aude-insoumise.fr\/?p=5938\" class=\"tpg-post-link\" target=\"_self\">Lire la suite<\/a>                <\/div>\n            <\/div>\n        <\/div>\n\t\t        <\/div>\n    <\/div>\n<\/div>\n<div class=\"rt-col-md-3 rt-col-sm-6 rt-col-xs-12 default rt-grid-item post-5884 post type-post status-publish format-standard hentry category-lecture entry\"        data-id=\"5884\">\n    <div class=\"rt-holder tpg-post-holder \">\n        <div class=\"rt-detail rt-el-content-wrapper\">\n\t\t\t                <div class=\"rt-img-holder tpg-el-image-wrap has-no-thumbnail\">\n\t\t\t\t\t<a data-id=\"5884\" href=\"https:\/\/aude-insoumise.fr\/?p=5884\" class=\"tpg-post-link\" target=\"_self\"><img loading=\"lazy\" class='rt-img-responsive' src='https:\/\/aude-insoumise.fr\/wp-content\/uploads\/2026\/01\/003ILB_La-Gauche-et-les-cla.gif' width=\"197\" height=\"285\" alt='Nouveau peuple, nouvelle gauche'>\t\t\n\t\t<\/a>\n\t\t        <div class=\"overlay grid-hover-content\"><\/div>\n\t\t                <\/div>\n\t\t\t\n\t\t\t<div class=\"entry-title-wrapper\"><h3 class=\"entry-title\"><a data-id=\"5884\" href=\"https:\/\/aude-insoumise.fr\/?p=5884\" class=\"tpg-post-link\" target=\"_self\">Nouveau peuple, nouvelle gauche<\/a><\/h3><\/div>\n\t\t\t                <div class=\"post-meta-tags rt-el-post-meta\">\n\t\t\t\t\t                <\/div>\n\t\t\t\n\n\t\t\t                <div class=\"tpg-excerpt tpg-el-excerpt\">\n\t\t\t\t\t                        <div class=\"tpg-excerpt-inner\">\n\t\t\t\t\t\t\tNouveau peuple, nouvelle gauche Ouvrage coordonn\u00e9 par Julien Talpin Les livres de...                        <\/div>\n\t\t\t\t\t\t\t\t\t\t                <\/div>\n\t\t\t\n\t\t\t        <div class=\"post-footer\">\n            <div class=\"post-footer\">\n                <div class=\"read-more\">\n\t\t\t\t\t<a data-id=\"5884\" href=\"https:\/\/aude-insoumise.fr\/?p=5884\" class=\"tpg-post-link\" target=\"_self\">Lire la suite<\/a>                <\/div>\n            <\/div>\n        <\/div>\n\t\t        <\/div>\n    <\/div>\n<\/div>\n<div class=\"rt-col-md-3 rt-col-sm-6 rt-col-xs-12 default rt-grid-item post-5877 post type-post status-publish format-standard hentry category-lecture entry\"        data-id=\"5877\">\n    <div class=\"rt-holder tpg-post-holder \">\n        <div class=\"rt-detail rt-el-content-wrapper\">\n\t\t\t                <div class=\"rt-img-holder tpg-el-image-wrap has-no-thumbnail\">\n\t\t\t\t\t<a data-id=\"5877\" href=\"https:\/\/aude-insoumise.fr\/?p=5877\" class=\"tpg-post-link\" target=\"_self\"><img loading=\"lazy\" class='rt-img-responsive' src='https:\/\/aude-insoumise.fr\/wp-content\/uploads\/2026\/01\/Amsterdam-couv-Extreme-droite-1063x1536-3-709x1024-1.jpg' width=\"142\" height=\"205\" alt='Extr\u00eame-droite, la r\u00e9sistible ascension'>\t\t\n\t\t<\/a>\n\t\t        <div class=\"overlay grid-hover-content\"><\/div>\n\t\t                <\/div>\n\t\t\t\n\t\t\t<div class=\"entry-title-wrapper\"><h3 class=\"entry-title\"><a data-id=\"5877\" href=\"https:\/\/aude-insoumise.fr\/?p=5877\" class=\"tpg-post-link\" target=\"_self\">Extr\u00eame-droite, la r\u00e9sistible ascension<\/a><\/h3><\/div>\n\t\t\t                <div class=\"post-meta-tags rt-el-post-meta\">\n\t\t\t\t\t                <\/div>\n\t\t\t\n\n\t\t\t                <div class=\"tpg-excerpt tpg-el-excerpt\">\n\t\t\t\t\t                        <div class=\"tpg-excerpt-inner\">\n\t\t\t\t\t\t\tExtr\u00eame-droite\u00a0: la r\u00e9sistible ascension \u2013 Collectif (2024) Livre \u00e9dit\u00e9 par l\u2019Institut La...                        <\/div>\n\t\t\t\t\t\t\t\t\t\t                <\/div>\n\t\t\t\n\t\t\t        <div class=\"post-footer\">\n            <div class=\"post-footer\">\n                <div class=\"read-more\">\n\t\t\t\t\t<a data-id=\"5877\" href=\"https:\/\/aude-insoumise.fr\/?p=5877\" class=\"tpg-post-link\" target=\"_self\">Lire la suite<\/a>                <\/div>\n            <\/div>\n        <\/div>\n\t\t        <\/div>\n    <\/div>\n<\/div>\n<div class=\"rt-col-md-3 rt-col-sm-6 rt-col-xs-12 default rt-grid-item post-5872 post type-post status-publish format-standard hentry category-lecture entry\"        data-id=\"5872\">\n    <div class=\"rt-holder tpg-post-holder \">\n        <div class=\"rt-detail rt-el-content-wrapper\">\n\t\t\t                <div class=\"rt-img-holder tpg-el-image-wrap has-no-thumbnail\">\n\t\t\t\t\t<a data-id=\"5872\" href=\"https:\/\/aude-insoumise.fr\/?p=5872\" class=\"tpg-post-link\" target=\"_self\"><img loading=\"lazy\" class='rt-img-responsive' src='https:\/\/aude-insoumise.fr\/wp-content\/uploads\/2025\/10\/Fraser_Cannibalisme_Couv_V15_page-0001-f4d26530-172x300.webp' width=\"172\" height=\"300\" alt='Le capitalisme est un cannibalisme'>\t\t\n\t\t<\/a>\n\t\t        <div class=\"overlay grid-hover-content\"><\/div>\n\t\t                <\/div>\n\t\t\t\n\t\t\t<div class=\"entry-title-wrapper\"><h3 class=\"entry-title\"><a data-id=\"5872\" href=\"https:\/\/aude-insoumise.fr\/?p=5872\" class=\"tpg-post-link\" target=\"_self\">Le capitalisme est un cannibalisme<\/a><\/h3><\/div>\n\t\t\t                <div class=\"post-meta-tags rt-el-post-meta\">\n\t\t\t\t\t                <\/div>\n\t\t\t\n\n\t\t\t                <div class=\"tpg-excerpt tpg-el-excerpt\">\n\t\t\t\t\t                        <div class=\"tpg-excerpt-inner\">\n\t\t\t\t\t\t\tLE CAPITALISME EST UN CANNIBALISME Nancy Fraser \u2013 2022 Editions AGONE, collection...                        <\/div>\n\t\t\t\t\t\t\t\t\t\t                <\/div>\n\t\t\t\n\t\t\t        <div class=\"post-footer\">\n            <div class=\"post-footer\">\n                <div class=\"read-more\">\n\t\t\t\t\t<a data-id=\"5872\" href=\"https:\/\/aude-insoumise.fr\/?p=5872\" class=\"tpg-post-link\" target=\"_self\">Lire la suite<\/a>                <\/div>\n            <\/div>\n        <\/div>\n\t\t        <\/div>\n    <\/div>\n<\/div>\n<div class=\"rt-col-md-3 rt-col-sm-6 rt-col-xs-12 default rt-grid-item post-5866 post type-post status-publish format-standard hentry category-lecture entry\"        data-id=\"5866\">\n    <div class=\"rt-holder tpg-post-holder \">\n        <div class=\"rt-detail rt-el-content-wrapper\">\n\t\t\t                <div class=\"rt-img-holder tpg-el-image-wrap has-no-thumbnail\">\n\t\t\t\t\t<a data-id=\"5866\" href=\"https:\/\/aude-insoumise.fr\/?p=5866\" class=\"tpg-post-link\" target=\"_self\"><img loading=\"lazy\" class='rt-img-responsive' src='https:\/\/aude-insoumise.fr\/wp-content\/uploads\/2025\/10\/OIP.OAJcWpAUE6A33Y9H0VNxcwHaEK.webp' width=\"474\" height=\"266\" alt='L&rsquo;exil toujours recommenc\u00e9'>\t\t\n\t\t<\/a>\n\t\t        <div class=\"overlay grid-hover-content\"><\/div>\n\t\t                <\/div>\n\t\t\t\n\t\t\t<div class=\"entry-title-wrapper\"><h3 class=\"entry-title\"><a data-id=\"5866\" href=\"https:\/\/aude-insoumise.fr\/?p=5866\" class=\"tpg-post-link\" target=\"_self\">L&rsquo;exil toujours recommenc\u00e9<\/a><\/h3><\/div>\n\t\t\t                <div class=\"post-meta-tags rt-el-post-meta\">\n\t\t\t\t\t                <\/div>\n\t\t\t\n\n\t\t\t                <div class=\"tpg-excerpt tpg-el-excerpt\">\n\t\t\t\t\t                        <div class=\"tpg-excerpt-inner\">\n\t\t\t\t\t\t\tL\u2019EXIL TOUJOURS RECOMMENCE Didier Fassin et Anne-Claire Defossez 2024 Editions du Seuil...                        <\/div>\n\t\t\t\t\t\t\t\t\t\t                <\/div>\n\t\t\t\n\t\t\t        <div class=\"post-footer\">\n            <div class=\"post-footer\">\n                <div class=\"read-more\">\n\t\t\t\t\t<a data-id=\"5866\" href=\"https:\/\/aude-insoumise.fr\/?p=5866\" class=\"tpg-post-link\" target=\"_self\">Lire la suite<\/a>                <\/div>\n            <\/div>\n        <\/div>\n\t\t        <\/div>\n    <\/div>\n<\/div>\n<div class=\"rt-col-md-3 rt-col-sm-6 rt-col-xs-12 default rt-grid-item post-2721 post type-post status-publish format-standard hentry category-lecture entry\"        data-id=\"2721\">\n    <div class=\"rt-holder tpg-post-holder \">\n        <div class=\"rt-detail rt-el-content-wrapper\">\n\t\t\t                <div class=\"rt-img-holder tpg-el-image-wrap has-no-thumbnail\">\n\t\t\t\t\t<a data-id=\"2721\" href=\"https:\/\/aude-insoumise.fr\/?p=2721\" class=\"tpg-post-link\" target=\"_self\"><img loading=\"lazy\" class='rt-img-responsive' src='https:\/\/aude-insoumise.fr\/wp-content\/uploads\/2025\/11\/ACT-SYNDROME-ITALIE.webp' width=\"300\" height=\"300\" alt='L\u2019affaire Elena Mistrello'>\t\t\n\t\t<\/a>\n\t\t        <div class=\"overlay grid-hover-content\"><\/div>\n\t\t                <\/div>\n\t\t\t\n\t\t\t<div class=\"entry-title-wrapper\"><h3 class=\"entry-title\"><a data-id=\"2721\" href=\"https:\/\/aude-insoumise.fr\/?p=2721\" class=\"tpg-post-link\" target=\"_self\">L\u2019affaire Elena Mistrello<\/a><\/h3><\/div>\n\t\t\t                <div class=\"post-meta-tags rt-el-post-meta\">\n\t\t\t\t\t                <\/div>\n\t\t\t\n\n\t\t\t                <div class=\"tpg-excerpt tpg-el-excerpt\">\n\t\t\t\t\t                        <div class=\"tpg-excerpt-inner\">\n\t\t\t\t\t\t\tElena Mistrello est une dessinatrice de BD italienne, autrice avec Tiziana Francesca...                        <\/div>\n\t\t\t\t\t\t\t\t\t\t                <\/div>\n\t\t\t\n\t\t\t        <div class=\"post-footer\">\n            <div class=\"post-footer\">\n                <div class=\"read-more\">\n\t\t\t\t\t<a data-id=\"2721\" href=\"https:\/\/aude-insoumise.fr\/?p=2721\" class=\"tpg-post-link\" target=\"_self\">Lire la suite<\/a>                <\/div>\n            <\/div>\n        <\/div>\n\t\t        <\/div>\n    <\/div>\n<\/div>\n<div class=\"rt-col-md-3 rt-col-sm-6 rt-col-xs-12 default rt-grid-item post-2714 post type-post status-publish format-standard hentry category-lecture entry\"        data-id=\"2714\">\n    <div class=\"rt-holder tpg-post-holder \">\n        <div class=\"rt-detail rt-el-content-wrapper\">\n\t\t\t                <div class=\"rt-img-holder tpg-el-image-wrap has-no-thumbnail\">\n\t\t\t\t\t<a data-id=\"2714\" href=\"https:\/\/aude-insoumise.fr\/?p=2714\" class=\"tpg-post-link\" target=\"_self\"><img loading=\"lazy\" class='rt-img-responsive' src='https:\/\/aude-insoumise.fr\/wp-content\/uploads\/2025\/11\/ACTU-LUTTE-EMPAILLE-300x300.jpg' width=\"300\" height=\"300\" alt='Retour sur le grand incendie des Corbi\u00e8res'>\t\t\n\t\t<\/a>\n\t\t        <div class=\"overlay grid-hover-content\"><\/div>\n\t\t                <\/div>\n\t\t\t\n\t\t\t<div class=\"entry-title-wrapper\"><h3 class=\"entry-title\"><a data-id=\"2714\" href=\"https:\/\/aude-insoumise.fr\/?p=2714\" class=\"tpg-post-link\" target=\"_self\">Retour sur le grand incendie des Corbi\u00e8res<\/a><\/h3><\/div>\n\t\t\t                <div class=\"post-meta-tags rt-el-post-meta\">\n\t\t\t\t\t                <\/div>\n\t\t\t\n\n\t\t\t                <div class=\"tpg-excerpt tpg-el-excerpt\">\n\t\t\t\t\t                        <div class=\"tpg-excerpt-inner\">\n\t\t\t\t\t\t\tDans son num\u00e9ro 19 (Automne 2025), le journal L\u2019Empaill\u00e9 revient sur l\u2019incendie...                        <\/div>\n\t\t\t\t\t\t\t\t\t\t                <\/div>\n\t\t\t\n\t\t\t        <div class=\"post-footer\">\n            <div class=\"post-footer\">\n                <div class=\"read-more\">\n\t\t\t\t\t<a data-id=\"2714\" href=\"https:\/\/aude-insoumise.fr\/?p=2714\" class=\"tpg-post-link\" target=\"_self\">Lire la suite<\/a>                <\/div>\n            <\/div>\n        <\/div>\n\t\t        <\/div>\n    <\/div>\n<\/div>\n\t\t\t<\/div>\n\t\t\t\n\t\t<\/div>\n\t\t\t\t\t\t<\/div>\n\t\t\t\t<\/div>\n\t\t\t\t\t<\/div>\n\t\t\t\t<\/div>\n\t\t\t\t<\/div>\n\t\t","protected":false},"excerpt":{"rendered":"<p>La bataille culturelle fait rage&#8230; Les forces conservatrices et r\u00e9actionnaires sont \u00e0 l&rsquo;attaque pour imposer d&rsquo;un c\u00f4t\u00e9 leur agenda n\u00e9o-lib\u00e9ral visant \u00e0 enfermer dans un carcan insupportable les classes populaires [&hellip;]<\/p>\n","protected":false},"author":2,"featured_media":0,"parent":0,"menu_order":0,"comment_status":"closed","ping_status":"closed","template":"","meta":{"om_disable_all_campaigns":false,"_monsterinsights_skip_tracking":false,"_monsterinsights_sitenote_active":false,"_monsterinsights_sitenote_note":"","_monsterinsights_sitenote_category":0,"ocean_post_layout":"","ocean_both_sidebars_style":"","ocean_both_sidebars_content_width":0,"ocean_both_sidebars_sidebars_width":0,"ocean_sidebar":"","ocean_second_sidebar":"","ocean_disable_margins":"enable","ocean_add_body_class":"","ocean_shortcode_before_top_bar":"","ocean_shortcode_after_top_bar":"","ocean_shortcode_before_header":"","ocean_shortcode_after_header":"","ocean_has_shortcode":"","ocean_shortcode_after_title":"","ocean_shortcode_before_footer_widgets":"","ocean_shortcode_after_footer_widgets":"","ocean_shortcode_before_footer_bottom":"","ocean_shortcode_after_footer_bottom":"","ocean_display_top_bar":"default","ocean_display_header":"default","ocean_header_style":"","ocean_center_header_left_menu":"","ocean_custom_header_template":"","ocean_custom_logo":0,"ocean_custom_retina_logo":0,"ocean_custom_logo_max_width":0,"ocean_custom_logo_tablet_max_width":0,"ocean_custom_logo_mobile_max_width":0,"ocean_custom_logo_max_height":0,"ocean_custom_logo_tablet_max_height":0,"ocean_custom_logo_mobile_max_height":0,"ocean_header_custom_menu":"","ocean_menu_typo_font_family":"","ocean_menu_typo_font_subset":"","ocean_menu_typo_font_size":0,"ocean_menu_typo_font_size_tablet":0,"ocean_menu_typo_font_size_mobile":0,"ocean_menu_typo_font_size_unit":"px","ocean_menu_typo_font_weight":"","ocean_menu_typo_font_weight_tablet":"","ocean_menu_typo_font_weight_mobile":"","ocean_menu_typo_transform":"","ocean_menu_typo_transform_tablet":"","ocean_menu_typo_transform_mobile":"","ocean_menu_typo_line_height":0,"ocean_menu_typo_line_height_tablet":0,"ocean_menu_typo_line_height_mobile":0,"ocean_menu_typo_line_height_unit":"","ocean_menu_typo_spacing":0,"ocean_menu_typo_spacing_tablet":0,"ocean_menu_typo_spacing_mobile":0,"ocean_menu_typo_spacing_unit":"","ocean_menu_link_color":"","ocean_menu_link_color_hover":"","ocean_menu_link_color_active":"","ocean_menu_link_background":"","ocean_menu_link_hover_background":"","ocean_menu_link_active_background":"","ocean_menu_social_links_bg":"","ocean_menu_social_hover_links_bg":"","ocean_menu_social_links_color":"","ocean_menu_social_hover_links_color":"","ocean_disable_title":"default","ocean_disable_heading":"default","ocean_post_title":"","ocean_post_subheading":"","ocean_post_title_style":"","ocean_post_title_background_color":"","ocean_post_title_background":0,"ocean_post_title_bg_image_position":"","ocean_post_title_bg_image_attachment":"","ocean_post_title_bg_image_repeat":"","ocean_post_title_bg_image_size":"","ocean_post_title_height":0,"ocean_post_title_bg_overlay":0.5,"ocean_post_title_bg_overlay_color":"","ocean_disable_breadcrumbs":"default","ocean_breadcrumbs_color":"","ocean_breadcrumbs_separator_color":"","ocean_breadcrumbs_links_color":"","ocean_breadcrumbs_links_hover_color":"","ocean_display_footer_widgets":"default","ocean_display_footer_bottom":"default","ocean_custom_footer_template":"","footnotes":""},"class_list":["post-419","page","type-page","status-publish","hentry","entry"],"aioseo_notices":[],"rttpg_featured_image_url":null,"rttpg_author":{"display_name":"Marc Zavagno","author_link":"https:\/\/aude-insoumise.fr\/?author=2"},"rttpg_comment":0,"rttpg_category":"","rttpg_excerpt":"La bataille culturelle fait rage&#8230; Les forces conservatrices et r\u00e9actionnaires sont \u00e0 l&rsquo;attaque pour imposer d&rsquo;un c\u00f4t\u00e9 leur agenda n\u00e9o-lib\u00e9ral visant \u00e0 enfermer dans un carcan insupportable les classes populaires [&hellip;]","_links":{"self":[{"href":"https:\/\/aude-insoumise.fr\/index.php?rest_route=\/wp\/v2\/pages\/419","targetHints":{"allow":["GET"]}}],"collection":[{"href":"https:\/\/aude-insoumise.fr\/index.php?rest_route=\/wp\/v2\/pages"}],"about":[{"href":"https:\/\/aude-insoumise.fr\/index.php?rest_route=\/wp\/v2\/types\/page"}],"author":[{"embeddable":true,"href":"https:\/\/aude-insoumise.fr\/index.php?rest_route=\/wp\/v2\/users\/2"}],"replies":[{"embeddable":true,"href":"https:\/\/aude-insoumise.fr\/index.php?rest_route=%2Fwp%2Fv2%2Fcomments&post=419"}],"version-history":[{"count":76,"href":"https:\/\/aude-insoumise.fr\/index.php?rest_route=\/wp\/v2\/pages\/419\/revisions"}],"predecessor-version":[{"id":5912,"href":"https:\/\/aude-insoumise.fr\/index.php?rest_route=\/wp\/v2\/pages\/419\/revisions\/5912"}],"wp:attachment":[{"href":"https:\/\/aude-insoumise.fr\/index.php?rest_route=%2Fwp%2Fv2%2Fmedia&parent=419"}],"curies":[{"name":"wp","href":"https:\/\/api.w.org\/{rel}","templated":true}]}}