{"id":4725,"date":"2026-01-08T19:48:27","date_gmt":"2026-01-08T18:48:27","guid":{"rendered":"https:\/\/aude-insoumise.fr\/?page_id=4725"},"modified":"2026-01-09T14:08:18","modified_gmt":"2026-01-09T13:08:18","slug":"tribune-lfi","status":"publish","type":"page","link":"https:\/\/aude-insoumise.fr\/?page_id=4725","title":{"rendered":"tribune LFI"},"content":{"rendered":"\t\t<div data-elementor-type=\"wp-page\" data-elementor-id=\"4725\" class=\"elementor elementor-4725\">\n\t\t\t\t<div class=\"elementor-element elementor-element-a9c306b e-con-full e-flex e-con e-parent\" data-id=\"a9c306b\" data-element_type=\"container\" data-e-type=\"container\">\n\t\t\t\t<div class=\"elementor-element elementor-element-8b73cd3 elementor-widget elementor-widget-text-editor\" data-id=\"8b73cd3\" data-element_type=\"widget\" data-e-type=\"widget\" data-widget_type=\"text-editor.default\">\n\t\t\t\t\t\t\t\t\t<p><b>Mourir de froid, dans la septi\u00e8me puissance \u00e9conomique mondiale, n\u2019est ni un fait\u00a0<\/b><b>divers ni un accident : c\u2019est un choix politique.<\/b><\/p><p>Deux chiffres : 350 000 personnes sont sans domicile fixe, tandis que plus de 2 millions de logements sont laiss\u00e9s vacants. Pour sauver des vies, il est urgent de r\u00e9quisitionner pour loger femmes, enfants, hommes.\u00a0<b>Candidats aux \u00e9lections municipales de mars 2026,\u00a0<\/b><b>nous refusons d\u2019attendre de compter les morts de froid, qui sont en r\u00e9alit\u00e9 des morts\u00a0<\/b><b>de l\u2019inaction coupable de l\u2019\u00c9tat et des collectivit\u00e9s<\/b><\/p><p>Les solutions existent en droit fran\u00e7ais. Les pr\u00e9fets peuvent r\u00e9quisitionner des logements et des locaux vacants face \u00e0 l\u2019urgence. Ils peuvent confier ces biens \u00e0 des organismes HLM et \u00e0 des associations d\u2019accompagnement social pour un usage durable. Ces outils, pr\u00e9vus par la loi, permettent d\u2019agir imm\u00e9diatement.<\/p><p><b>Puisque l\u2019\u00c9tat fait le choix d\u2019abandonner, les maires doivent faire le choix politique de\u00a0<\/b><b>sauver !\u00a0<\/b>En cas d\u2019urgence absolue lorsque des personnes dorment dehors par grand froid et que leur vie est donc mise en danger, le pouvoir de police du maire lui permet d\u2019ordonner, \u00e0 titre exceptionnel, la mise \u00e0 disposition temporaire de locaux vacants pour pr\u00e9venir une atteinte grave \u00e0 la dignit\u00e9 humaine. Cette possibilit\u00e9 a \u00e9t\u00e9 reconnue par le Conseil d\u2019\u00c9tat.<\/p><p>Les maires qui pr\u00e9tendent ne rien pouvoir faire mentent. Insoumis et candidats \u00e0 diriger nos communes, nous utiliserons tous les leviers pour que personne ne meurt de la rue. Nous utiliserons nos pouvoirs de police pour r\u00e9quisitionner les b\u00e2timents vides. Nous mettrons \u00e0 disposition les b\u00e2timents publics inutilis\u00e9s plut\u00f4t que de les c\u00e9der \u00e0 des sp\u00e9culateurs. Nous confierons \u00e0 nos brigades du droit au logement le soin de r\u00e9aliser un inventaire des logements vacants, et organiserons la mobilisation populaire pour que les pr\u00e9fets les r\u00e9quisitionnent. Nous construirons avec les associations une strat\u00e9gie du \u00ab\u00a0logement d\u2019abord \u00bb pour sortir de la rue les personnes sans-abris.<\/p><p>Le plan grand froid illustre \u00e0 lui seul l\u2019impasse actuelle des politiques publiques. D\u00e9clench\u00e9 toujours trop tard, sous la pression m\u00e9diatique et associative, il repose sur une logique absurde : attendre que le thermom\u00e8tre passe sous un seuil administratif pour agir. Une politique inefficace et dangereuse.\u00a0<b>Entre 0 et 5 degr\u00e9s, le froid tue tout autant, surtout\u00a0<\/b><b>des corps d\u00e9j\u00e0 fragilis\u00e9s par la rue. Ouvrir quelques places temporaires dans des\u00a0<\/b><b>gymnases ou des salles municipales, pour quelques nuits, sans accompagnement\u00a0<\/b><b>social durable, ne permet pas de r\u00e9pondre aux besoins r\u00e9els.<\/b>\u00a0Pire : l\u2019urgence sociale est trait\u00e9e comme une variable d\u2019ajustement budg\u00e9taire par le gouvernement Macron, avec un nombre de places en h\u00e9bergement d\u2019urgence limit\u00e9, quitte \u00e0 laisser des centaines de personnes dehors malgr\u00e9 leurs appels au 115.<\/p><p>Mettre fin au sans-abrisme n\u2019est pas une utopie. C\u2019est un devoir r\u00e9publicain.<\/p><p><a title=\"ACCUEIL\" href=\"https:\/\/aude-insoumise.fr\/\">Retour<\/a><\/p>\t\t\t\t\t\t\t\t<\/div>\n\t\t\t\t<\/div>\n\t\t\t\t<\/div>\n\t\t","protected":false},"excerpt":{"rendered":"<p>Mourir de froid, dans la septi\u00e8me puissance \u00e9conomique mondiale, n\u2019est ni un fait\u00a0divers ni un accident : c\u2019est un choix politique. Deux chiffres : 350 000 personnes sont sans domicile [&hellip;]<\/p>\n","protected":false},"author":3,"featured_media":0,"parent":0,"menu_order":0,"comment_status":"closed","ping_status":"closed","template":"","meta":{"om_disable_all_campaigns":false,"_monsterinsights_skip_tracking":false,"_monsterinsights_sitenote_active":false,"_monsterinsights_sitenote_note":"","_monsterinsights_sitenote_category":0,"ocean_post_layout":"","ocean_both_sidebars_style":"","ocean_both_sidebars_content_width":0,"ocean_both_sidebars_sidebars_width":0,"ocean_sidebar":"","ocean_second_sidebar":"","ocean_disable_margins":"enable","ocean_add_body_class":"","ocean_shortcode_before_top_bar":"","ocean_shortcode_after_top_bar":"","ocean_shortcode_before_header":"","ocean_shortcode_after_header":"","ocean_has_shortcode":"","ocean_shortcode_after_title":"","ocean_shortcode_before_footer_widgets":"","ocean_shortcode_after_footer_widgets":"","ocean_shortcode_before_footer_bottom":"","ocean_shortcode_after_footer_bottom":"","ocean_display_top_bar":"default","ocean_display_header":"default","ocean_header_style":"","ocean_center_header_left_menu":"","ocean_custom_header_template":"","ocean_custom_logo":0,"ocean_custom_retina_logo":0,"ocean_custom_logo_max_width":0,"ocean_custom_logo_tablet_max_width":0,"ocean_custom_logo_mobile_max_width":0,"ocean_custom_logo_max_height":0,"ocean_custom_logo_tablet_max_height":0,"ocean_custom_logo_mobile_max_height":0,"ocean_header_custom_menu":"","ocean_menu_typo_font_family":"","ocean_menu_typo_font_subset":"","ocean_menu_typo_font_size":0,"ocean_menu_typo_font_size_tablet":0,"ocean_menu_typo_font_size_mobile":0,"ocean_menu_typo_font_size_unit":"px","ocean_menu_typo_font_weight":"","ocean_menu_typo_font_weight_tablet":"","ocean_menu_typo_font_weight_mobile":"","ocean_menu_typo_transform":"","ocean_menu_typo_transform_tablet":"","ocean_menu_typo_transform_mobile":"","ocean_menu_typo_line_height":0,"ocean_menu_typo_line_height_tablet":0,"ocean_menu_typo_line_height_mobile":0,"ocean_menu_typo_line_height_unit":"","ocean_menu_typo_spacing":0,"ocean_menu_typo_spacing_tablet":0,"ocean_menu_typo_spacing_mobile":0,"ocean_menu_typo_spacing_unit":"","ocean_menu_link_color":"","ocean_menu_link_color_hover":"","ocean_menu_link_color_active":"","ocean_menu_link_background":"","ocean_menu_link_hover_background":"","ocean_menu_link_active_background":"","ocean_menu_social_links_bg":"","ocean_menu_social_hover_links_bg":"","ocean_menu_social_links_color":"","ocean_menu_social_hover_links_color":"","ocean_disable_title":"default","ocean_disable_heading":"default","ocean_post_title":"","ocean_post_subheading":"","ocean_post_title_style":"","ocean_post_title_background_color":"","ocean_post_title_background":0,"ocean_post_title_bg_image_position":"","ocean_post_title_bg_image_attachment":"","ocean_post_title_bg_image_repeat":"","ocean_post_title_bg_image_size":"","ocean_post_title_height":0,"ocean_post_title_bg_overlay":0.5,"ocean_post_title_bg_overlay_color":"","ocean_disable_breadcrumbs":"default","ocean_breadcrumbs_color":"","ocean_breadcrumbs_separator_color":"","ocean_breadcrumbs_links_color":"","ocean_breadcrumbs_links_hover_color":"","ocean_display_footer_widgets":"default","ocean_display_footer_bottom":"default","ocean_custom_footer_template":"","footnotes":""},"class_list":["post-4725","page","type-page","status-publish","hentry","entry"],"aioseo_notices":[],"rttpg_featured_image_url":null,"rttpg_author":{"display_name":"Andr\u00e9 Rainier","author_link":"https:\/\/aude-insoumise.fr\/?author=3"},"rttpg_comment":0,"rttpg_category":null,"rttpg_excerpt":"Mourir de froid, dans la septi\u00e8me puissance \u00e9conomique mondiale, n\u2019est ni un fait\u00a0divers ni un accident : c\u2019est un choix politique. Deux chiffres : 350 000 personnes sont sans domicile [&hellip;]","_links":{"self":[{"href":"https:\/\/aude-insoumise.fr\/index.php?rest_route=\/wp\/v2\/pages\/4725","targetHints":{"allow":["GET"]}}],"collection":[{"href":"https:\/\/aude-insoumise.fr\/index.php?rest_route=\/wp\/v2\/pages"}],"about":[{"href":"https:\/\/aude-insoumise.fr\/index.php?rest_route=\/wp\/v2\/types\/page"}],"author":[{"embeddable":true,"href":"https:\/\/aude-insoumise.fr\/index.php?rest_route=\/wp\/v2\/users\/3"}],"replies":[{"embeddable":true,"href":"https:\/\/aude-insoumise.fr\/index.php?rest_route=%2Fwp%2Fv2%2Fcomments&post=4725"}],"version-history":[{"count":7,"href":"https:\/\/aude-insoumise.fr\/index.php?rest_route=\/wp\/v2\/pages\/4725\/revisions"}],"predecessor-version":[{"id":4745,"href":"https:\/\/aude-insoumise.fr\/index.php?rest_route=\/wp\/v2\/pages\/4725\/revisions\/4745"}],"wp:attachment":[{"href":"https:\/\/aude-insoumise.fr\/index.php?rest_route=%2Fwp%2Fv2%2Fmedia&parent=4725"}],"curies":[{"name":"wp","href":"https:\/\/api.w.org\/{rel}","templated":true}]}}