{"id":6462,"date":"2026-03-18T08:07:13","date_gmt":"2026-03-18T07:07:13","guid":{"rendered":"https:\/\/aude-insoumise.fr\/?page_id=6462"},"modified":"2026-03-18T09:46:18","modified_gmt":"2026-03-18T08:46:18","slug":"le-coup-de-maitre-de-jean-luc-melenchon","status":"publish","type":"page","link":"https:\/\/aude-insoumise.fr\/?page_id=6462","title":{"rendered":"LE COUP DE MAITRE DE JEAN LUC M\u00c9LENCHON"},"content":{"rendered":"\t\t<div data-elementor-type=\"wp-page\" data-elementor-id=\"6462\" class=\"elementor elementor-6462\">\n\t\t\t\t<div class=\"elementor-element elementor-element-e15ff8d e-flex e-con-boxed e-con e-parent\" data-id=\"e15ff8d\" data-element_type=\"container\" data-e-type=\"container\">\n\t\t\t\t\t<div class=\"e-con-inner\">\n\t\t\t\t<div class=\"elementor-element elementor-element-af8a3c9 elementor-widget elementor-widget-heading\" data-id=\"af8a3c9\" data-element_type=\"widget\" data-e-type=\"widget\" data-widget_type=\"heading.default\">\n\t\t\t\t\t<h2 class=\"elementor-heading-title elementor-size-default\">LE COUP DE MAITRE DE JEAN LUC M\u00c9LENCHON<\/h2>\t\t\t\t<\/div>\n\t\t\t\t<div class=\"elementor-element elementor-element-bcacf65 elementor-widget elementor-widget-image\" data-id=\"bcacf65\" data-element_type=\"widget\" data-e-type=\"widget\" data-widget_type=\"image.default\">\n\t\t\t\t\t\t\t\t\t\t\t\t\t\t\t<img fetchpriority=\"high\" decoding=\"async\" width=\"881\" height=\"539\" src=\"https:\/\/aude-insoumise.fr\/wp-content\/uploads\/2026\/03\/melenchon-bompard.jpg\" class=\"attachment-large size-large wp-image-6465\" alt=\"\" srcset=\"https:\/\/aude-insoumise.fr\/wp-content\/uploads\/2026\/03\/melenchon-bompard.jpg 881w, https:\/\/aude-insoumise.fr\/wp-content\/uploads\/2026\/03\/melenchon-bompard-300x184.jpg 300w, https:\/\/aude-insoumise.fr\/wp-content\/uploads\/2026\/03\/melenchon-bompard-768x470.jpg 768w\" sizes=\"(max-width: 881px) 100vw, 881px\" \/>\t\t\t\t\t\t\t\t\t\t\t\t\t\t\t<\/div>\n\t\t\t\t<div class=\"elementor-element elementor-element-6b2ff54 elementor-widget elementor-widget-text-editor\" data-id=\"6b2ff54\" data-element_type=\"widget\" data-e-type=\"widget\" data-widget_type=\"text-editor.default\">\n\t\t\t\t\t\t\t\t\t<p>La France Insoumise est une formidable machine de guerre destin\u00e9e \u00e0 prendre le pouvoir. Tout le monde la sait . Et heureusement.<br class=\"html-br\" \/><br class=\"html-br\" \/>M\u00e9thodiques, attentifs, r\u00e9actifs, r\u00e9fl\u00e9chis, tous les actes sont pes\u00e9s et jaug\u00e9s au millim\u00e8tre. Bien s\u00fbr, il y a eu des rat\u00e9s et pas des moindres, la perfection n&rsquo;existe pas, mais l&rsquo;efficacit\u00e9 et l&rsquo;efficience sont des objectifs permanents.<br class=\"html-br\" \/><br class=\"html-br\" \/>Notre outil central, c&rsquo;est l&rsquo;institut La Bo\u00e9tie. Truff\u00e9 de d\u00e9partements de recherche dans tous les domaines, l&rsquo;institut poss\u00e8de aussi une \u00a0\u00bb \u00e9cole des cadres\u00a0\u00bb destin\u00e9e \u00e0 former les futurs dirigeants et animateurs du mouvement dans toute la France. On l&rsquo;a d&rsquo;ailleurs constat\u00e9 pendant la campagne \u00e9lectorale. Nous avons d\u00e9sormais des pointures diss\u00e9min\u00e9es sur tout le territoire.<br class=\"html-br\" \/><br class=\"html-br\" \/>Et parmi le staff de la FI il y a des sp\u00e9cialistes de l&rsquo;analyse et de la pr\u00e9vision \u00e9lectorale r\u00e9unis dans un groupe de travail autour de Manuel Bompard. Manuel le math\u00e9maticien.<br class=\"html-br\" \/>C&rsquo;est dans ce groupe que sont d\u00e9finies les strat\u00e9gies et les cibles \u00e0 atteindre pour les \u00e9lections. Et comme c&rsquo;est un travail scientifique les r\u00e9sultats sont l\u00e0: la France Insoumise est entr\u00e9e par la grande porte aux municipales.<br class=\"html-br\" \/><br class=\"html-br\" \/>Mais rien n&rsquo;aurait pu \u00eatre efficace sans l&rsquo;apport strat\u00e9gique de Jean Luc M\u00e9lenchon. Sa connaissance sociologique du milieu, sa longue exp\u00e9rience et son \u00e9rudition font de lui un responsable politique unique dans le paysage politique fran\u00e7ais.<br class=\"html-br\" \/><br class=\"html-br\" \/>ET.LE PI\u00c8GE S&rsquo;EST REFERM\u00c9&#8230;<br class=\"html-br\" \/><br class=\"html-br\" \/>R\u00e9fl\u00e9chir et avoir plusieurs coups d&rsquo;avance sur l&rsquo;\u00e9chiquier politique, voil\u00e0 la m\u00e9thode.<br class=\"html-br\" \/><br class=\"html-br\" \/>La France Insoumise \u00e9tait devenue une pestif\u00e9r\u00e9e, un paria. La sortir de l&rsquo;arc r\u00e9publicain, l&rsquo;isoler et la d\u00e9truire devenait l&rsquo;objectif cardinal du milieu politico-m\u00e9diatique, de la \u00ab\u00a0gauche \u00a0\u00bb r\u00e9formiste \u00e0 l&rsquo;extr\u00eame droite. Rien ne lui sera \u00e9pargn\u00e9, jusqu&rsquo;\u00e0 penser \u00e0 un front r\u00e9publicain contre elle dans l&rsquo;espoir d&rsquo;en finir. On nous ferait mordre la poussi\u00e8re.<br class=\"html-br\" \/><br class=\"html-br\" \/>Mais c&rsquo;\u00e9tait sans compter le g\u00e9nie politique des n\u00f4tres.<br class=\"html-br\" \/><br class=\"html-br\" \/>En faisant de LFI le passage incontournable pour gagner les \u00e9lections, notre staff a cibl\u00e9 des villes o\u00f9 notre mouvement \u00e9tait quasiment s\u00fbr de faire des scores honorables et contraindre nos ex partenaires \u00e0 des alliances sous peines de perdre les \u00e9lections .<br class=\"html-br\" \/><br class=\"html-br\" \/>Et \u00e7a a fonctionn\u00e9. Ce fut un, puis deux, puis nombre d&rsquo;accords qui se sont multipli\u00e9s partout en France ces derniers jours.<br class=\"html-br\" \/><br class=\"html-br\" \/>LFI \u00e9tait d&rsquo;un seul coup r\u00e9habilit\u00e9 devenant un partenaire incontournable. Le Nouveau Front Populaire est, en quelque sorte, reconstitu\u00e9&#8230;.par la contrainte et la ruse.<br class=\"html-br\" \/><br class=\"html-br\" \/>D&rsquo;antis\u00e9mitisme, de brutalisation, de \u00ab\u00a0Jeune Garde\u00a0\u00bb et de bien d&rsquo;autres choses, il n&rsquo;en est plus question. La gamelle est trop all\u00e9chante pour s&rsquo;en d\u00e9tourner et certains ont m\u00eame \u00e9t\u00e9 jusqu&rsquo;\u00e0 d\u00e9fier leurs ma\u00eetres et parfois m\u00eame, les mordre (cf. Tulle)<br class=\"html-br\" \/><br class=\"html-br\" \/>LFI D\u00c9SORMAIS EN ORDRE DE MARCHE POUR LA PR\u00c9SIDENTIELLE.<br class=\"html-br\" \/><br class=\"html-br\" \/>Et demain? Vous imaginez, vous, des partis politiques avec qui nous avons eu des accords pour les municipales nous rejouer la musique de \u00ab\u00a0tout sauf LFI ?\u00a0\u00bb Non bien s\u00fbr!<br class=\"html-br\" \/><br class=\"html-br\" \/>Envol\u00e9 le cordon sanitaire<br class=\"html-br\" \/>Envol\u00e9 le front r\u00e9publicain anti LFI<br class=\"html-br\" \/>Envol\u00e9 l&rsquo;accusation d&rsquo;antis\u00e9mitisme<br class=\"html-br\" \/>Envol\u00e9 l&rsquo;accusation de complicit\u00e9 d&rsquo;assassinat de la Jeune Garde&#8230;<br class=\"html-br\" \/><br class=\"html-br\" \/>Ce monde politique est ainsi fait, vil et sans \u00e9tat d&rsquo;\u00e2me, il retourne sa veste du jour au lendemain au gr\u00e9 de ses int\u00e9r\u00eats.<br class=\"html-br\" \/><br class=\"html-br\" \/>Jean Luc M\u00e9lenchon en connait tous les ressorts sur le bout des doigts. Ainsi, a t il dit, dans un de ses derniers discours que \u00ab\u00a0m\u00eame les petits bourgeois rejoindront le front antifasciste\u00a0\u00bb quand nous affronterons le Rassemblement National \u00e0 la pr\u00e9sidentielle&#8230;J&rsquo;ai bien ri. Sacr\u00e9 bonhomme quand m\u00eame !<br class=\"html-br\" \/><br class=\"html-br\" \/>CAR, BIEN ENTENDU, NOUS SERONS QUALIFI\u00c9S POUR LE DEUXI\u00c8ME TOUR DE LA PR\u00c9SIDENTIELLE!<br class=\"html-br\" \/><br class=\"html-br\" \/>CHAPEAU LES INSOUMIS(E)S! TROP FORT!<\/p><p><a title=\"ACCUEIL\" href=\"https:\/\/aude-insoumise.fr\/\">Retour<\/a><\/p>\t\t\t\t\t\t\t\t<\/div>\n\t\t\t\t\t<\/div>\n\t\t\t\t<\/div>\n\t\t\t\t<\/div>\n\t\t","protected":false},"excerpt":{"rendered":"<p>LE COUP DE MAITRE DE JEAN LUC M\u00c9LENCHON La France Insoumise est une formidable machine de guerre destin\u00e9e \u00e0 prendre le pouvoir. Tout le monde la sait . Et heureusement. [&hellip;]<\/p>\n","protected":false},"author":3,"featured_media":0,"parent":0,"menu_order":0,"comment_status":"closed","ping_status":"closed","template":"","meta":{"om_disable_all_campaigns":false,"_monsterinsights_skip_tracking":false,"_monsterinsights_sitenote_active":false,"_monsterinsights_sitenote_note":"","_monsterinsights_sitenote_category":0,"ocean_post_layout":"","ocean_both_sidebars_style":"","ocean_both_sidebars_content_width":0,"ocean_both_sidebars_sidebars_width":0,"ocean_sidebar":"","ocean_second_sidebar":"","ocean_disable_margins":"enable","ocean_add_body_class":"","ocean_shortcode_before_top_bar":"","ocean_shortcode_after_top_bar":"","ocean_shortcode_before_header":"","ocean_shortcode_after_header":"","ocean_has_shortcode":"","ocean_shortcode_after_title":"","ocean_shortcode_before_footer_widgets":"","ocean_shortcode_after_footer_widgets":"","ocean_shortcode_before_footer_bottom":"","ocean_shortcode_after_footer_bottom":"","ocean_display_top_bar":"default","ocean_display_header":"default","ocean_header_style":"","ocean_center_header_left_menu":"","ocean_custom_header_template":"","ocean_custom_logo":0,"ocean_custom_retina_logo":0,"ocean_custom_logo_max_width":0,"ocean_custom_logo_tablet_max_width":0,"ocean_custom_logo_mobile_max_width":0,"ocean_custom_logo_max_height":0,"ocean_custom_logo_tablet_max_height":0,"ocean_custom_logo_mobile_max_height":0,"ocean_header_custom_menu":"","ocean_menu_typo_font_family":"","ocean_menu_typo_font_subset":"","ocean_menu_typo_font_size":0,"ocean_menu_typo_font_size_tablet":0,"ocean_menu_typo_font_size_mobile":0,"ocean_menu_typo_font_size_unit":"px","ocean_menu_typo_font_weight":"","ocean_menu_typo_font_weight_tablet":"","ocean_menu_typo_font_weight_mobile":"","ocean_menu_typo_transform":"","ocean_menu_typo_transform_tablet":"","ocean_menu_typo_transform_mobile":"","ocean_menu_typo_line_height":0,"ocean_menu_typo_line_height_tablet":0,"ocean_menu_typo_line_height_mobile":0,"ocean_menu_typo_line_height_unit":"","ocean_menu_typo_spacing":0,"ocean_menu_typo_spacing_tablet":0,"ocean_menu_typo_spacing_mobile":0,"ocean_menu_typo_spacing_unit":"","ocean_menu_link_color":"","ocean_menu_link_color_hover":"","ocean_menu_link_color_active":"","ocean_menu_link_background":"","ocean_menu_link_hover_background":"","ocean_menu_link_active_background":"","ocean_menu_social_links_bg":"","ocean_menu_social_hover_links_bg":"","ocean_menu_social_links_color":"","ocean_menu_social_hover_links_color":"","ocean_disable_title":"default","ocean_disable_heading":"default","ocean_post_title":"","ocean_post_subheading":"","ocean_post_title_style":"","ocean_post_title_background_color":"","ocean_post_title_background":0,"ocean_post_title_bg_image_position":"","ocean_post_title_bg_image_attachment":"","ocean_post_title_bg_image_repeat":"","ocean_post_title_bg_image_size":"","ocean_post_title_height":0,"ocean_post_title_bg_overlay":0.5,"ocean_post_title_bg_overlay_color":"","ocean_disable_breadcrumbs":"default","ocean_breadcrumbs_color":"","ocean_breadcrumbs_separator_color":"","ocean_breadcrumbs_links_color":"","ocean_breadcrumbs_links_hover_color":"","ocean_display_footer_widgets":"default","ocean_display_footer_bottom":"default","ocean_custom_footer_template":"","footnotes":""},"class_list":["post-6462","page","type-page","status-publish","hentry","entry"],"aioseo_notices":[],"rttpg_featured_image_url":null,"rttpg_author":{"display_name":"Andr\u00e9 Rainier","author_link":"https:\/\/aude-insoumise.fr\/?author=3"},"rttpg_comment":0,"rttpg_category":null,"rttpg_excerpt":"LE COUP DE MAITRE DE JEAN LUC M\u00c9LENCHON La France Insoumise est une formidable machine de guerre destin\u00e9e \u00e0 prendre le pouvoir. Tout le monde la sait . Et heureusement. [&hellip;]","_links":{"self":[{"href":"https:\/\/aude-insoumise.fr\/index.php?rest_route=\/wp\/v2\/pages\/6462","targetHints":{"allow":["GET"]}}],"collection":[{"href":"https:\/\/aude-insoumise.fr\/index.php?rest_route=\/wp\/v2\/pages"}],"about":[{"href":"https:\/\/aude-insoumise.fr\/index.php?rest_route=\/wp\/v2\/types\/page"}],"author":[{"embeddable":true,"href":"https:\/\/aude-insoumise.fr\/index.php?rest_route=\/wp\/v2\/users\/3"}],"replies":[{"embeddable":true,"href":"https:\/\/aude-insoumise.fr\/index.php?rest_route=%2Fwp%2Fv2%2Fcomments&post=6462"}],"version-history":[{"count":7,"href":"https:\/\/aude-insoumise.fr\/index.php?rest_route=\/wp\/v2\/pages\/6462\/revisions"}],"predecessor-version":[{"id":6485,"href":"https:\/\/aude-insoumise.fr\/index.php?rest_route=\/wp\/v2\/pages\/6462\/revisions\/6485"}],"wp:attachment":[{"href":"https:\/\/aude-insoumise.fr\/index.php?rest_route=%2Fwp%2Fv2%2Fmedia&parent=6462"}],"curies":[{"name":"wp","href":"https:\/\/api.w.org\/{rel}","templated":true}]}}